the greatest common factor of 1599 and 975?
39
Calculate the greatest common divisor of 26 and 464451.
13
Calculate the greatest common factor of 30 and 3610.
10
Calculate the greatest common divisor of 750416 and 4.
4
Calculate the greatest common factor of 65 and 5035.
5
Calculate the highest common factor of 54 and 683262.
54
Calculate the greatest common divisor of 8814 and 247.
13
Calculate the highest common divisor of 7200 and 6525.
225
Calculate the greatest common factor of 1008990 and 2160.
270
What is the greatest common factor of 70 and 53560?
10
Calculate the highest common divisor of 32675 and 275.
25
What is the greatest common divisor of 45 and 1240125?
15
What is the highest common factor of 1482 and 3952?
494
What is the greatest common divisor of 308 and 11924?
44
What is the greatest common divisor of 1823539 and 67?
67
Calculate the greatest common divisor of 28 and 1465212.
28
What is the highest common factor of 18635 and 285?
5
Calculate the highest common divisor of 5775 and 407.
11
Calculate the greatest common factor of 740 and 37925.
185
What is the highest common divisor of 322083 and 2567?
151
Calculate the greatest common divisor of 66 and 4698.
6
What is the greatest common divisor of 5572 and 980?
28
What is the highest common divisor of 1242214 and 106?
106
What is the highest common factor of 181216 and 56?
56
What is the highest common factor of 14079 and 182?
13
What is the greatest common factor of 506532 and 35526?
1146
Calculate the greatest common factor of 590 and 11030.
10
What is the greatest common factor of 552 and 309948?
276
Calculate the highest common factor of 29 and 105154.
29
What is the highest common factor of 2133 and 1817?
79
Calculate the highest common factor of 31252 and 543304.
2404
What is the highest common divisor of 7811 and 535?
107
Calculate the greatest common divisor of 22 and 692.
2
What is the greatest common divisor of 997 and 2106661?
997
What is the greatest common divisor of 314 and 121675?
157
Calculate the highest common divisor of 3563373 and 33.
33
Calculate the greatest common divisor of 24 and 62728.
8
Calculate the greatest common factor of 4154534 and 1010.
202
What is the highest common factor of 654042 and 610?
122
What is the greatest common divisor of 80 and 44090?
10
Calculate the greatest common factor of 5696 and 178.
178
Calculate the greatest common factor of 50 and 1881200.
50
Calculate the greatest common divisor of 910 and 902370.
70
Calculate the greatest common divisor of 406044 and 72.
36
What is the highest common factor of 5104 and 65868?
44
Calculate the highest common factor of 114985 and 2135.
305
What is the greatest common factor of 11058 and 35302?
38
What is the greatest common factor of 188 and 692?
4
What is the greatest common divisor of 803 and 46282?
73
Calculate the highest common factor of 299 and 23101.
13
Calculate the highest common divisor of 737 and 85382.
11
Calculate the greatest common divisor of 2723 and 475747.
389
What is the greatest common divisor of 3912728 and 8?
8
What is the greatest common divisor of 433980 and 180?
180
Calculate the highest common factor of 6522 and 1878.
6
Calculate the greatest common divisor of 585 and 4560.
15
What is the highest common divisor of 7736792 and 56?
56
Calculate the greatest common divisor of 10 and 2062.
2
Calculate the highest common divisor of 99 and 847809.
9
What is the greatest common factor of 5 and 2470?
5
What is the highest common factor of 508 and 2252?
4
Calculate the highest common divisor of 17406 and 117.
9
What is the greatest common divisor of 722964 and 396?
132
What is the highest common factor of 87730 and 310?
310
What is the greatest common divisor of 91 and 61173?
7
Calculate the highest common divisor of 111 and 8664.
3
What is the highest common factor of 12690 and 206847?
1269
Calculate the greatest common divisor of 3072 and 8832.
384
What is the highest common divisor of 436920 and 1920?
120
What is the greatest common divisor of 7362 and 90?
18
What is the highest common factor of 7049 and 180253?
1007
What is the greatest common divisor of 812 and 97237?
203
What is the highest common factor of 420 and 567945?
105
Calculate the highest common factor of 70759 and 13.
13
Calculate the greatest common factor of 6573 and 1029.
21
What is the highest common factor of 871 and 33449?
13
What is the greatest common divisor of 488 and 29524?
244
Calculate the highest common factor of 57605 and 37925.
205
Calculate the highest common divisor of 63685 and 1410.
235
What is the greatest common factor of 1728882 and 18?
18
What is the greatest common divisor of 1343 and 3383?
17
Calculate the greatest common factor of 100 and 192.
4
What is the highest common divisor of 91118 and 58?
58
What is the greatest common divisor of 120130 and 68855?
1465
Calculate the highest common divisor of 148787 and 23.
23
Calculate the greatest common factor of 3017903 and 266.
133
Calculate the greatest common divisor of 215840 and 38.
38
Calculate the highest common divisor of 3926820 and 10.
10
Calculate the highest common factor of 282168 and 342.
18
What is the highest common factor of 12 and 26658?
6
Calculate the greatest common factor of 99417 and 93.
93
Calculate the highest common factor of 37814 and 438.
146
What is the highest common divisor of 2960 and 1440?
80
Calculate the highest common divisor of 4614743 and 161.
161
What is the greatest common factor of 132370 and 122?
122
What is the highest common factor of 441 and 261?
9
Calculate the highest common factor of 240 and 442000.
80
Calculate the greatest common divisor of 5362759 and 41.
41
What is the greatest common divisor of 2020 and 275932?
404
What is the highest common divisor of 104 and 2522?
26
Calculate the highest common factor of 53521 and 325.
13
Calculate the greatest common divisor of 149513 and 1378.
689
Calculate the greatest common divisor of 2673 and 4212.
81
Calculate the greatest common divisor of 177008 and 74.
74
Calculate the highest common divisor of 574715 and 2517.
839
Calculate the greatest common factor of 62878 and 745.
149
Calculate the greatest common factor of 337844 and 146.
146
What is the greatest common divisor of 9855 and 73?
73
Calculate the greatest common factor of 59318 and 266.
266
Calculate the highest common divisor of 32 and 358.
2
What is the highest common factor of 3576826 and 22?
22
Calculate the greatest common divisor of 749 and 30067.
107
What is the greatest common divisor of 12051 and 1443?
39
What is the highest common divisor of 5335 and 23183?
97
Calculate the greatest common divisor of 149526 and 852.
426
What is the highest common factor of 19 and 2417522?
19
What is the greatest common divisor of 66 and 1746?
6
What is the greatest common divisor of 14921 and 43?
43
Calculate the highest common factor of 52496 and 5168.
272
Calculate the greatest common divisor of 641837 and 112.
7
Calculate the highest common divisor of 2056 and 4168.
8
What is the highest common factor of 172 and 1166461?
43
What is the highest common factor of 45612 and 1820?
28
What is the highest common divisor of 2871 and 448398?
261
What is the highest common divisor of 2358 and 1098?
18
Calculate the highest common factor of 1770 and 176115.
885
Calculate the highest common factor of 2532 and 127444.
844
Calculate the highest common divisor of 1774 and 15350422.
1774
Calculate the greatest common factor of 90054 and 576.
18
Calculate the highest common divisor of 32 and 416224.
32
What is the highest common divisor of 19881 and 12267?
423
What is the greatest common divisor of 112 and 16?
16
Calculate the highest common factor of 216 and 594.
54
What is the highest common factor of 35931 and 15573?
87
What is the greatest common factor of 28927 and 4?
1
Calculate the highest common divisor of 5396 and 144856.
76
What is the greatest common factor of 437577 and 469?
469
Calculate the highest common factor of 444 and 16761.
111
What is the highest common divisor of 21 and 62188?
7
Calculate the greatest common factor of 1035 and 3375.
45
What is the greatest common factor of 5018 and 1406198?
386
Calculate the greatest common divisor of 2905 and 43409.
83
Calculate the highes